ulate d(c).
8
Suppose -4*b = 2*t + 24, 3*b - 4*t = -b - 24. Let a(q) = 2*q**2 + 13*q + 1. Determine a(b).
-5
Let a(t) = t**3 - 4*t**2 - 6*t + 2. Suppose 0 = -u + 5*f + 29, 3*u + 4*f + 4 = -4. Calculate a(u).
-22
Let x(i) = i**2 - 5*i - 2. Let k = 20 + -8. Let o be (k/(-9))/(3/(-9)). Determine x(o).
-6
Let i(t) = -2*t**2 + 2*t + 11. Let g(r) = 3*r**2 - 3*r - 17. Let c(f) = -5*g(f) - 7*i(f). Calculate c(-4).
-12
Let n(j) = -j**2 - 4*j + 4. Let v(m) = m**3 - 4*m**2 + 3*m + 3. Let w be v(3). Suppose 7*r = w*r - 24. What is n(r)?
-8
Let h(t) = 4. Let d be 108/11 + 14/77. Let g(z) = z + z - 6 - d - z. Let a(n) = 2*g(n) + 9*h(n). Determine a(-5).
-6
Suppose 2*p + 2 = 3*p. Let h(l) = l**2 + 4*l - 6*l + 2 + p + 3*l. What is h(-3)?
10
Suppose 5 + 0 = -a + 3*p, 0 = -4*a + 3*p - 29. Let n(z) = 2*z + 9. What is n(a)?
-7
Let m(n) be the second derivative of n**5/20 + 5*n**2/2 + 89*n. Determine m(0).
5
Let z(s) = 0*s**2 + 7 - 4 - s**2 + 1 - 6*s. Let a = -30 + 34. Suppose -a*g = 4 + 20. What is z(g)?
4
Suppose 18*r + 28 = 154. Let s(h) = 1 + 7*h - 8*h**2 + 0 + 3*h**3 - 4*h**3 + 2*h**3. Calculate s(r).
1
Let z(l) = -l**2 - 3*l**2 - 8 - 2*l + 11 + 3*l**2. Let a(w) = 4*w + 5. Let r be a(-7). Let g = r - -25. Determine z(g).
-5
Let q(i) = i**2 - 9*i + 8. Let o be 10/15*(-63)/(-6). Give q(o).
-6
Let h(r) = r**2 - 9*r - 3. Let o be 4/14 + 7/((-98)/(-136)). What is h(o)?
7
Let q(i) = -i. Let r(u) = u**3 - 4*u**2 + 6*u - 2. Let y = 11 - 9. Let w be r(y). Suppose x + 9 = -2*l, -w*l - 2*x - 8 = -0*x. Determine q(l).
5
Let y(r) = -r**3 + 4*r**2. Let l be y(4). Let b be -6*((-4)/3 + l). Suppose 4*p - 4 = b. Let j(u) = -u**3 + 4*u**2 - 2. What is j(p)?
7
Let a(l) be the first derivative of l**4/12 + l**3 + 9*l**2/2 + 4*l - 12. Let v(g) be the first derivative of a(g). Determine v(-6).
9
Let z(b) = -20 - b + 3*b + 40 - 19 - 5*b**2. Let p be (2 - 2) + 0 - 1. Let m be z(p). Let q(c) = c**2 + 5*c + 2. Determine q(m).
8
Let y be (-9)/(18/16) + 6. Let p(s) = s**3 - s**2 + 4. What is p(y)?
-8
Let d be 2/5 + 24/(-60). Let t(n) = -233*n + 1 + d + 222*n. Give t(1).
-10
Let l(j) = 19*j**2 + 21*j**2 - 69*j**2 + 1 + 24*j**2. Calculate l(2).
-19
Let t be (8/(-10))/(22/(-55)). Let c(r) = 5 + 2 - 3 - 5*r + 2*r**t - r**2. Determine c(5).
4
Let c be (-39)/(-91) + 38/(-7). Let a(y) = 6*y - 2. Determine a(c).
-32
Suppose 0*h - 1 = -h. Let v(p) be the first derivative of -2*p**3 - p**2 + p - 190. What is v(h)?
-7
Let f(r) = -r**2 - 4*r**3 - 6*r**3 - 39*r**3 + r + 48*r**3. Determine f(0).
0
Let u be (1 - -1)*(-30)/(-12). Let w(z) be the first derivative of -z**4/4 + 4*z**3/3 + 3*z**2/2 + 6*z - 118. What is w(u)?
-4
Let p = -79 - -73. Let b(w) = -w**3 - 6*w**2 + w + 6. What is b(p)?
0
Suppose -6 = 4*h + 3*q + 14, -q - 4 = 0. Let o(y) = -5*y**3 + 5*y**2 + 4*y - 4. Let j(w) = -8*w**3 + 9*w**2 + 7*w - 7. Let s(t) = 3*j(t) - 5*o(t). Give s(h).
-3
Let q(d) = 5*d**3 + 2*d**2 - 6*d - 6. Let l(y) = -17*y**3 - 4*y**2 + 17*y + 18. Let c(i) = -2*l(i) - 7*q(i). Give c(-7).
-1
Let x(k) = -k**3 + 3*k**2 - 3*k + 3. Let f(w) = w**3 - w**2 + 3*w - 3. Let m(i) = -3*f(i) - 2*x(i). What is m(-2)?
5
Let x(b) be the third derivative of b**6/360 + 7*b**5/120 - b**4/12 + 2*b**3/3 + 5*b**2. Let c(l) be the first derivative of x(l). What is c(-5)?
-12
Let l(y) = -y - 2. Let s be l(-1). Let i(r) = 5*r**3 + r**2 + r. Calculate i(s).
-5
Let y(f) = -f + 4. Let n(o) = o**3 + 16*o**2 - 2*o - 30. Let p be n(-16). Let m be 42/9 + 4/(-6). Let z be (m - p) + -4 + 2. Give y(z).
4
Let g(u) = 37*u - 75. Let h(f) = 3*f - 3. Let q(t) = -2*g(t) + 26*h(t). What is q(-19)?
-4
Let t(i) be the second derivative of -i**4/12 + 5*i**3/3 + 7*i**2/2 + 279*i - 2. Determine t(9).
16
Let w(u) be the third derivative of u**4/24 + u**3/3 + 33*u**2 - 3*u. Give w(3).
5
Let y = -43 - -73. Let k = y + -4. Suppose k = 4*p + 6. Let r(t) = t**3 - 6*t**2 + 7*t - 4. What is r(p)?
6
Let r be (-11)/((4 + -5)*1). Let n(p) = 0 + r*p - 4 - 9*p. Let x(j) = j**3 + 5*j**2 + 3*j. Let h be x(-4). Give n(h).
4
Let g(m) = -m**2 + 2*m - 2. Suppose -165 = -55*q + 55. Calculate g(q).
-10
Suppose -3*f = f - 12. Let g(v) = -v**2 - f*v - 3*v - 6*v + 7*v. What is g(-4)?
4
Let y(x) be the first derivative of x**4/4 - 5*x**3/3 - 2*x**2 + 10*x + 55. Give y(4).
-22
Suppose 2*n = -3*n. Let i(u) = u - 1. Let h(j) = -j**2 + 5*j - 11. Let k(m) = h(m) - 5*i(m). What is k(n)?
-6
Let v(p) = p**3 + 16*p**2 + 27*p - 10. Suppose 3*j - 6*f + 66 = 0, -2*f - 10 = -5*j - 88. Calculate v(j).
4
Let a(c) be the first derivative of 2*c**3/3 - 11*c**2/2 - 15*c - 191. Calculate a(6).
-9
Suppose 0 = 5*m - 3*m - y + 6, 0 = m + 2*y + 8. Let v(d) = d**3 + 6*d**2 + 3*d - 3. Determine v(m).
17
Let f be (28/(-16) - -2)*4 + -9. Let g(q) = -q + 2. Give g(f).
10
Let w be (-42)/(-30) + 2/(-5). Let t(b) = 4*b + 2*b + 12 - 11 - 3*b + 0*b. Calculate t(w).
4
Let d(l) = -l. Let h be -2 + 0/(2/2). Let i be 1/6 + h/12. Determine d(i).
0
Let w(i) = -7*i - 14. Let l be (-10)/4 - (-72)/144. What is w(l)?
0
Let g(f) be the third derivative of f**5/60 + 5*f**4/24 - f**3 - f**2. Let p(r) = r**3 + 56*r**2 + 2*r + 106. Let s be p(-56). What is g(s)?
0
Let g(s) = 71*s**2 + 8*s**3 - 36*s**2 - 36*s**2. Calculate g(1).
7
Let d = 51 + -48. Let a(x) = d*x - 8*x - x**2 - 6 - 2*x. Determine a(-5).
4
Let h be (-4 - (-14)/4) + 3/(-6). Let v(u) be the third derivative of -u**5/12 - 24*u**2. Calculate v(h).
-5
Suppose -o = p + 5, -2*p = -p - 5*o + 17. Let v(k) = k - 3. Let f(a) = a + 1. Let c(i) = 2*f(i) - v(i). Calculate c(p).
-2
Suppose -p - 90 = -6*p. Suppose 10 = 6*t - t, -a = 3*t - p. Let b(l) = -2*l - a - 2*l + 4 + 5*l. Give b(0).
-8
Suppose 2*x + 1 = -4*f - 25, f - 2*x + 19 = 0. Let u(n) = -n - 8. Calculate u(f).
1
Let y = -264 + 265. Let f(r) = 22*r + 1. Give f(y).
23
Suppose 2*i - 3*i + 5 = 0. Suppose 0*p + p = -i. Let m be 4/6*(-2 - p). Let h(u) = -u**3 + 4*u**2 + u. What is h(m)?
10
Let n(t) = 6*t - 30. Let i be n(5). Suppose 4*v + 0*v + 28 = i. Let f(l) = l + 2. What is f(v)?
-5
Let l(f) = f**2 - 8*f + 5. Let x be l(9). Let v = 18 - x. Let o(d) = -4*d + 3. What is o(v)?
-13
Let w(o) = o**2 - o + 3. Let f(q) = q**3 + 6*q**2 + 8. Let g be f(-6). Suppose -g*b = -4*b. Determine w(b).
3
Let n(c) be the first derivative of -c**7/840 - c**6/120 + c**5/40 + c**4/12 - 5*c**3/3 + 14. Let j(y) be the third derivative of n(y). Give j(-3).
-7
Let q(t) = -t - 154 - t**2 - 147 + 460 - 161. Let r = 6 + -4. Determine q(r).
-8
Let q be 2/(56/(-692)) + 2/(-7). Let u = q + 30. Let g(f) = f**3 - 5*f**2 + f - 4. Give g(u).
1
Let w(x) = -x**3 - 11*x**2 + 2*x + 11. Let h be (-106)/10 + -6 + 252/45. What is w(h)?
-11
Let c(a) be the first derivative of a**2/2 + 18*a + 8. Let o be c(0). Let h(d) = 0 + 17*d**2 + 3*d + 0*d - o*d**2 - 1. Calculate h(5).
-11
Suppose 0 = -2*u + 4 + 14. Let r(i) = 2*i + 3. What is r(u)?
21
Let w be (-1)/(-5) + 11*5/(-25). Let y(b) = 2*b**2 + 2*b + 3. What is y(w)?
7
Let z be 2/(-4 - 0)*(25 - 13). Let r(l) = -2*l - 16. Determine r(z).
-4
Let h(w) = -9*w**2 - 5*w - 13. Let x(n) = -4*n**2 - 2*n - 6. Let o(b) = -3*h(b) + 7*x(b). Let y = 8 - 8. What is o(y)?
-3
Let i(j) = -7*j**3 + j**2 - j - 1. Let q(m) be the second derivative of -1/12*m**4 - 1/2*m**2 + 0 - 1/2*m**3 - 2*m. Let g be q(-3). Determine i(g).
8
Suppose 0 = -5*z + 5*f + 5, -z - 2*f = 3*f - 7. Suppose -z*j - 13 = -5. Let p(m) = -m - 1. Let u(i) = -3*i - 4. Let q(o) = 2*p(o) - u(o). Calculate q(j).
-2
Let t(g) = g**3 + 3*g**2 + 3*g + 1. Suppose 0 = 5*r + 2*u - 35, -35 = -7*r + 3*r - 3*u. Suppose -r*a - l - l - 4 = 0, a = 3*l - 11. Determine t(a).
-1
Let h(l) = 3*l. Let u be 4 - (3 + 4 - 0). Let n be ((-9)/u - 1) + 19. Let x = -23 + n. What is h(x)?
-6
Let b(f) = -f + 0*f + 7*f - 22*f + 6*f. What is b(-1)?
10
Suppose -2*i = -4 - 16. Suppose -2*t + i = 3*t, -4*w + 26 = 5*t. Let m(o) = o**2 - 7*o + 5. Determine m(w).
-7
Let h = 7 + -12. Let j(n) = -n**2 - 2*n + 12. Calculate j(h).
-3
Let s(w) = 6 + 14*w + 6*w - 26*w + 7*w. Suppose 5*y = -3*f - 24 + 8, -5*y = -2*f - 19. What is s(f)?
-1
Let q(i) = 11*i**2 + 7*i + 6. Let y(a) = -10*a**2 - 6*a - 5. Let o(t) = 6*q(t) + 7*y(t). Give o(-1).
-3
Let z(b) = -5*b**3 - 4*b**2 + b - 2. Let x(r) = -14*r**3 - 12*r**2 + 3*r - 6. Let c(g) = 6*x(g) - 17*z(g). Determine c(3).
-8
Let a be (-10 + -1)*(-1 - -2). Let d(i) = -i + 4. Deter